{"id":56,"date":"2018-12-12T19:39:06","date_gmt":"2018-12-12T18:39:06","guid":{"rendered":"http:\/\/symbioz.me\/?page_id=56"},"modified":"2020-11-05T19:13:50","modified_gmt":"2020-11-05T18:13:50","slug":"entreprises","status":"publish","type":"page","link":"https:\/\/symbioz.me\/index.php\/entreprises\/","title":{"rendered":"Entreprises"},"content":{"rendered":"\n<h1 class=\"wp-block-heading\"><strong>Sant\u00e9 et bien-\u00eatre au travail<\/strong><\/h1>\n\n\n\n<p class=\"has-background\" style=\"background-color:#d9f4f1\">Offrez \u00e0 vos employ\u00e9s un cadre de travail o\u00f9 il fait bon vivre, montrez-leur que leur bien-\u00eatre vous est pr\u00e9cieux et ils vous le rendront au centuple.&nbsp;Que ce soit pour une occasion sp\u00e9ciale ou de mani\u00e8re r\u00e9guli\u00e8re, SymbioZ vous propose les prestations suivantes.<\/p>\n\n\n\n<div class=\"wp-block-image\"><figure class=\"alignright size-large\"><a href=\"https:\/\/symbioz.me\/wp-content\/uploads\/2020\/04\/ensoi-massage-assis-vertoriel.png\"><img loading=\"lazy\" decoding=\"async\" width=\"270\" height=\"300\" src=\"https:\/\/symbioz.me\/wp-content\/uploads\/2020\/04\/ensoi-massage-assis-vertoriel.png\" alt=\"\" class=\"wp-image-303\"\/><\/a><\/figure><\/div>\n\n\n\n<ul class=\"wp-block-list\"><li><strong>Massages assis<\/strong> en entreprise<\/li><li><strong>Session ressourcement<\/strong><\/li><li><strong>Mobilisation douce &#8211; M\u00e9thode Z\u00e9ro X&rsquo;cuse<\/strong><\/li><li><strong>Formations au massage et\/ou \u00e0 l&rsquo;auto-massage<\/strong><\/li><\/ul>\n\n\n\n<h2 class=\"wp-block-heading\">Massages assis en entreprise<\/h2>\n\n\n\n<div class=\"wp-block-image\"><figure class=\"alignleft is-resized\"><img loading=\"lazy\" decoding=\"async\" src=\"http:\/\/symbioz.me\/wp-content\/uploads\/2018\/12\/Bienfaits-massage-assis-en-entreprise-vectoriel.png\" alt=\"\" class=\"wp-image-101\" width=\"266\" height=\"266\" srcset=\"https:\/\/symbioz.me\/wp-content\/uploads\/2018\/12\/Bienfaits-massage-assis-en-entreprise-vectoriel.png 440w, https:\/\/symbioz.me\/wp-content\/uploads\/2018\/12\/Bienfaits-massage-assis-en-entreprise-vectoriel-150x150.png 150w, https:\/\/symbioz.me\/wp-content\/uploads\/2018\/12\/Bienfaits-massage-assis-en-entreprise-vectoriel-300x300.png 300w, https:\/\/symbioz.me\/wp-content\/uploads\/2018\/12\/Bienfaits-massage-assis-en-entreprise-vectoriel-100x100.png 100w\" sizes=\"auto, (max-width: 266px) 85vw, 266px\" \/><\/figure><\/div>\n\n\n\n<p>Pratiqu\u00e9 habill\u00e9 et dispos\u00e9 sur une chaise ergonomique sp\u00e9cialement con\u00e7ue \u00e0 cet effet, le massage assis procure relaxation, d\u00e9tente et bien-\u00eatre. Il r\u00e9duit ainsi les tensions musculaires, abaisse le niveau de stress et favorise la r\u00e9cup\u00e9ration. Le massage durant 15 \u00e0 18 minutes, le temps de pause est ainsi fructifi\u00e9 pour  permettre au collaborateur de repartir d\u00e9tendu et ressourc\u00e9.<\/p>\n\n\n\n<p><strong>Tarif forfaitaire : CHF 250.- <\/strong>pour 2 heures ou <strong>CHF 450.- <\/strong>pour 4 heures + frais de d\u00e9placement* (*offerts pour les 4 heures de massages assis ou en cumul avec une session ressourcement ou une s\u00e9ance Z\u00e9ro X&rsquo;cuse)<\/p>\n\n\n\n<p><\/p>\n\n\n\n<h2 class=\"wp-block-heading\">Session ressourcement<\/h2>\n\n\n\n<p>Rien de tel qu\u2019un instant dans le calme et la d\u00e9tente pour se reconnecter et recharger ses batteries. Ce moment de ressourcement allie techniques de m\u00e9ditation, visualisations et respirations pour repartir l\u2019esprit frais, repos\u00e9 et dispo.<\/p>\n\n\n\n<p><strong>Session de 50 minutes &#8211;<\/strong> Pratiqu\u00e9e en groupe ou individuellement, elle peut prendre place  \u00e0 l\u2019int\u00e9rieur ou en ext\u00e9rieur (en fonction de l\u2019environnement et de la m\u00e9t\u00e9o) &#8211; <strong>Maximum 15 personnes<\/strong><\/p>\n\n\n\n<p><strong>Tarif forfaitaire : CHF 150.-<\/strong> par session + frais de d\u00e9placement* (*offerts d\u00e8s 2 sessions d&rsquo;affil\u00e9e &#8211; valable \u00e9galement avec les massages assis ou une s\u00e9ance Z\u00e9ro X&rsquo;cuse)<\/p>\n\n\n\n<figure class=\"wp-block-image size-large is-style-rounded\"><img loading=\"lazy\" decoding=\"async\" width=\"1024\" height=\"683\" src=\"https:\/\/symbioz.me\/wp-content\/uploads\/2020\/04\/symbioz-web-3-1024x683.jpg\" alt=\"Votre th\u00e9rapeute certifi\u00e9e reconnue ASCA\" class=\"wp-image-262\" srcset=\"https:\/\/symbioz.me\/wp-content\/uploads\/2020\/04\/symbioz-web-3-1024x683.jpg 1024w, https:\/\/symbioz.me\/wp-content\/uploads\/2020\/04\/symbioz-web-3-300x200.jpg 300w, https:\/\/symbioz.me\/wp-content\/uploads\/2020\/04\/symbioz-web-3-768x512.jpg 768w, https:\/\/symbioz.me\/wp-content\/uploads\/2020\/04\/symbioz-web-3-1536x1024.jpg 1536w, https:\/\/symbioz.me\/wp-content\/uploads\/2020\/04\/symbioz-web-3-1200x800.jpg 1200w, https:\/\/symbioz.me\/wp-content\/uploads\/2020\/04\/symbioz-web-3.jpg 1800w\" sizes=\"auto, (max-width: 709px) 85vw, (max-width: 909px) 67vw, (max-width: 1362px) 62vw, 840px\" \/><\/figure>\n\n\n\n<h2 class=\"wp-block-heading\"><strong>Mobilisation douce &#8211; M\u00e9thode Z\u00e9ro X&rsquo;cuse<\/strong>*<\/h2>\n\n\n\n<p>Le sport en entreprise revisit\u00e9 pour convenir \u00e0 chacun, du plus press\u00e9 au plus s\u00e9dentaire. R\u00e9alis\u00e9 au bureau et en v\u00eatement de travail, \u00ab&nbsp;Z\u00e9ro x\u2019cuse&nbsp;\u00bb est un concept innovant de mobilisation corporelle qui fait bouger sans suer.&nbsp;<\/p>\n\n\n\n<p>Parfait pour r\u00e9oxyg\u00e9ner les tissus et stimuler en douceur les structures anatomiques, il est le compl\u00e9ment sant\u00e9 id\u00e9al quelle que soit votre condition physique.<\/p>\n\n\n\n<p><strong>Session de 45 minutes <\/strong>&#8211; Pratiqu\u00e9e en groupe ou individuellement, elle peut prendre place  \u00e0 l\u2019int\u00e9rieur ou en ext\u00e9rieur (en fonction de l\u2019environnement et de la m\u00e9t\u00e9o) &#8211; <strong>Maximum 15 personnes<\/strong><\/p>\n\n\n\n<p><strong>Tarif forfaitaire : CHF 150.-<\/strong> par session + frais de d\u00e9placement* (*offerts d\u00e8s 2 sessions d&rsquo;affil\u00e9e &#8211; valable \u00e9galement avec les massages assis ou une session ressourcement)<\/p>\n\n\n\n<p>* Concept novateur &#8211; Exclusivit\u00e9 en Suisse<\/p>\n\n\n\n<h2 class=\"wp-block-heading\"><strong>Formation au massage et\/ou \u00e0 l&rsquo;auto-massage<\/strong><\/h2>\n\n\n\n<p>Sous forme d&rsquo;initiation (1\/2 \u00e0 1 jour) ou de formation de base plus compl\u00e8te permettant de d\u00e9couvrir une technique de massage classique (d\u00e8s 2 jours), SymbioZ s&rsquo;adapte \u00e0 vos besoins pour offrir \u00e0 vos collaborateurs un enseignement de qualit\u00e9 transmis de mani\u00e8re agr\u00e9able et ludique.<\/p>\n\n\n\n<p><strong>Tarif : Me contacter pour une offre d\u00e9taill\u00e9e adapt\u00e9e \u00e0 vos besoins.<\/strong><\/p>\n\n\n\n<p><\/p>\n\n\n\n<h2 class=\"wp-block-heading\">D\u00e9placements <\/h2>\n\n\n\n<p>Frais forfaitaires comprenant le transport, le parking et le d\u00e9placement du mat\u00e9riel (tables ou chaises de massage, tapis de yoga, etc):<\/p>\n\n\n\n<ul class=\"wp-block-list\"><li>Forfait d\u00e9placement (Gl\u00e2ne fribourgeoise) : CHF 30.-&nbsp;<\/li><li>Au-del\u00e0, merci de demander votre offre personnalis\u00e9e.<\/li><\/ul>\n\n\n\n<h2 class=\"wp-block-heading\">Abonnements<\/h2>\n\n\n\n<p>Merci de me contacter pour recevoir votre offre personnalis\u00e9e.<\/p>\n","protected":false},"excerpt":{"rendered":"<p>Sant\u00e9 et bien-\u00eatre au travail Offrez \u00e0 vos employ\u00e9s un cadre de travail o\u00f9 il fait bon vivre, montrez-leur que leur bien-\u00eatre vous est pr\u00e9cieux et ils vous le rendront au centuple.&nbsp;Que ce soit pour une occasion sp\u00e9ciale ou de mani\u00e8re r\u00e9guli\u00e8re, SymbioZ vous propose les prestations suivantes. Massages assis en entreprise Session ressourcement Mobilisation &hellip; <a href=\"https:\/\/symbioz.me\/index.php\/entreprises\/\" class=\"more-link\">Continuer la lecture<span class=\"screen-reader-text\"> de &laquo;&nbsp;Entreprises&nbsp;&raquo;<\/span><\/a><\/p>\n","protected":false},"author":1,"featured_media":0,"parent":0,"menu_order":0,"comment_status":"closed","ping_status":"closed","template":"","meta":{"footnotes":""},"class_list":["post-56","page","type-page","status-publish","hentry"],"_links":{"self":[{"href":"https:\/\/symbioz.me\/index.php\/wp-json\/wp\/v2\/pages\/56","targetHints":{"allow":["GET"]}}],"collection":[{"href":"https:\/\/symbioz.me\/index.php\/wp-json\/wp\/v2\/pages"}],"about":[{"href":"https:\/\/symbioz.me\/index.php\/wp-json\/wp\/v2\/types\/page"}],"author":[{"embeddable":true,"href":"https:\/\/symbioz.me\/index.php\/wp-json\/wp\/v2\/users\/1"}],"replies":[{"embeddable":true,"href":"https:\/\/symbioz.me\/index.php\/wp-json\/wp\/v2\/comments?post=56"}],"version-history":[{"count":28,"href":"https:\/\/symbioz.me\/index.php\/wp-json\/wp\/v2\/pages\/56\/revisions"}],"predecessor-version":[{"id":444,"href":"https:\/\/symbioz.me\/index.php\/wp-json\/wp\/v2\/pages\/56\/revisions\/444"}],"wp:attachment":[{"href":"https:\/\/symbioz.me\/index.php\/wp-json\/wp\/v2\/media?parent=56"}],"curies":[{"name":"wp","href":"https:\/\/api.w.org\/{rel}","templated":true}]}}

<h1 class="wp-block-heading"><strong>Santé et bien-être au travail</strong></h1>



<p class="has-background" style="background-color:#d9f4f1">Offrez à vos employés un cadre de travail où il fait bon vivre, montrez-leur que leur bien-être vous est précieux et ils vous le rendront au centuple.&nbsp;Que ce soit pour une occasion spéciale ou de manière régulière, SymbioZ vous propose les prestations suivantes.</p>



<div class="wp-block-image"><figure class="alignright size-large"><a href="https://symbioz.me/wp-content/uploads/2020/04/ensoi-massage-assis-vertoriel.png"><img loading="lazy" decoding="async" width="270" height="300" src="https://symbioz.me/wp-content/uploads/2020/04/ensoi-massage-assis-vertoriel.png" alt="" class="wp-image-303"/></a></figure></div>



<ul class="wp-block-list"><li><strong>Massages assis</strong> en entreprise</li><li><strong>Session ressourcement</strong></li><li><strong>Mobilisation douce &#8211; Méthode Zéro X&rsquo;cuse</strong></li><li><strong>Formations au massage et/ou à l&rsquo;auto-massage</strong></li></ul>



<h2 class="wp-block-heading">Massages assis en entreprise</h2>



<div class="wp-block-image"><figure class="alignleft is-resized"><img loading="lazy" decoding="async" src="http://symbioz.me/wp-content/uploads/2018/12/Bienfaits-massage-assis-en-entreprise-vectoriel.png" alt="" class="wp-image-101" width="266" height="266" srcset="https://symbioz.me/wp-content/uploads/2018/12/Bienfaits-massage-assis-en-entreprise-vectoriel.png 440w, https://symbioz.me/wp-content/uploads/2018/12/Bienfaits-massage-assis-en-entreprise-vectoriel-150x150.png 150w, https://symbioz.me/wp-content/uploads/2018/12/Bienfaits-massage-assis-en-entreprise-vectoriel-300x300.png 300w, https://symbioz.me/wp-content/uploads/2018/12/Bienfaits-massage-assis-en-entreprise-vectoriel-100x100.png 100w" sizes="auto, (max-width: 266px) 85vw, 266px" /></figure></div>



<p>Pratiqué habillé et disposé sur une chaise ergonomique spécialement conçue à cet effet, le massage assis procure relaxation, détente et bien-être. Il réduit ainsi les tensions musculaires, abaisse le niveau de stress et favorise la récupération. Le massage durant 15 à 18 minutes, le temps de pause est ainsi fructifié pour  permettre au collaborateur de repartir détendu et ressourcé.</p>



<p><strong>Tarif forfaitaire : CHF 250.- </strong>pour 2 heures ou <strong>CHF 450.- </strong>pour 4 heures + frais de déplacement* (*offerts pour les 4 heures de massages assis ou en cumul avec une session ressourcement ou une séance Zéro X&rsquo;cuse)</p>



<p></p>



<h2 class="wp-block-heading">Session ressourcement</h2>



<p>Rien de tel qu’un instant dans le calme et la détente pour se reconnecter et recharger ses batteries. Ce moment de ressourcement allie techniques de méditation, visualisations et respirations pour repartir l’esprit frais, reposé et dispo.</p>



<p><strong>Session de 50 minutes &#8211;</strong> Pratiquée en groupe ou individuellement, elle peut prendre place  à l’intérieur ou en extérieur (en fonction de l’environnement et de la météo) &#8211; <strong>Maximum 15 personnes</strong></p>



<p><strong>Tarif forfaitaire : CHF 150.-</strong> par session + frais de déplacement* (*offerts dès 2 sessions d&rsquo;affilée &#8211; valable également avec les massages assis ou une séance Zéro X&rsquo;cuse)</p>



<figure class="wp-block-image size-large is-style-rounded"><img loading="lazy" decoding="async" width="1024" height="683" src="https://symbioz.me/wp-content/uploads/2020/04/symbioz-web-3-1024x683.jpg" alt="Votre thérapeute certifiée reconnue ASCA" class="wp-image-262" srcset="https://symbioz.me/wp-content/uploads/2020/04/symbioz-web-3-1024x683.jpg 1024w, https://symbioz.me/wp-content/uploads/2020/04/symbioz-web-3-300x200.jpg 300w, https://symbioz.me/wp-content/uploads/2020/04/symbioz-web-3-768x512.jpg 768w, https://symbioz.me/wp-content/uploads/2020/04/symbioz-web-3-1536x1024.jpg 1536w, https://symbioz.me/wp-content/uploads/2020/04/symbioz-web-3-1200x800.jpg 1200w, https://symbioz.me/wp-content/uploads/2020/04/symbioz-web-3.jpg 1800w" sizes="auto, (max-width: 709px) 85vw, (max-width: 909px) 67vw, (max-width: 1362px) 62vw, 840px" /></figure>



<h2 class="wp-block-heading"><strong>Mobilisation douce &#8211; Méthode Zéro X&rsquo;cuse</strong>*</h2>



<p>Le sport en entreprise revisité pour convenir à chacun, du plus pressé au plus sédentaire. Réalisé au bureau et en vêtement de travail, «&nbsp;Zéro x’cuse&nbsp;» est un concept innovant de mobilisation corporelle qui fait bouger sans suer.&nbsp;</p>



<p>Parfait pour réoxygéner les tissus et stimuler en douceur les structures anatomiques, il est le complément santé idéal quelle que soit votre condition physique.</p>



<p><strong>Session de 45 minutes </strong>&#8211; Pratiquée en groupe ou individuellement, elle peut prendre place  à l’intérieur ou en extérieur (en fonction de l’environnement et de la météo) &#8211; <strong>Maximum 15 personnes</strong></p>



<p><strong>Tarif forfaitaire : CHF 150.-</strong> par session + frais de déplacement* (*offerts dès 2 sessions d&rsquo;affilée &#8211; valable également avec les massages assis ou une session ressourcement)</p>



<p>* Concept novateur &#8211; Exclusivité en Suisse</p>



<h2 class="wp-block-heading"><strong>Formation au massage et/ou à l&rsquo;auto-massage</strong></h2>



<p>Sous forme d&rsquo;initiation (1/2 à 1 jour) ou de formation de base plus complète permettant de découvrir une technique de massage classique (dès 2 jours), SymbioZ s&rsquo;adapte à vos besoins pour offrir à vos collaborateurs un enseignement de qualité transmis de manière agréable et ludique.</p>



<p><strong>Tarif : Me contacter pour une offre détaillée adaptée à vos besoins.</strong></p>



<p></p>



<h2 class="wp-block-heading">Déplacements </h2>



<p>Frais forfaitaires comprenant le transport, le parking et le déplacement du matériel (tables ou chaises de massage, tapis de yoga, etc):</p>



<ul class="wp-block-list"><li>Forfait déplacement (Glâne fribourgeoise) : CHF 30.-&nbsp;</li><li>Au-delà, merci de demander votre offre personnalisée.</li></ul>



<h2 class="wp-block-heading">Abonnements</h2>



<p>Merci de me contacter pour recevoir votre offre personnalisée.</p>

<p>Santé et bien-être au travail Offrez à vos employés un cadre de travail où il fait bon vivre, montrez-leur que leur bien-être vous est précieux et ils vous le rendront au centuple.&nbsp;Que ce soit pour une occasion spéciale ou de manière régulière, SymbioZ vous propose les prestations suivantes. Massages assis en entreprise Session ressourcement Mobilisation &hellip; <a href="https://symbioz.me/index.php/entreprises/" class="more-link">Continuer la lecture<span class="screen-reader-text"> de &laquo;&nbsp;Entreprises&nbsp;&raquo;</span></a></p>
